{"id":29983,"date":"2021-12-04T21:33:11","date_gmt":"2021-12-04T21:33:11","guid":{"rendered":"https:\/\/www.tinnas.com\/?post_type=product&#038;p=29983"},"modified":"2023-12-06T00:43:30","modified_gmt":"2023-12-06T00:43:30","slug":"spirit-christmas","status":"publish","type":"product","link":"https:\/\/www.tinnas.com\/?product=spirit-christmas","title":{"rendered":"Spirit Christmas"},"content":{"rendered":"<p>Presented in a wicker basket, Extra Virgin Olive Oil &#8220;Herdade do Espor\u00e3o&#8221; Alentejo Region 50cl, Red wine vinegar &#8220;Herdade do Espor\u00e3o&#8221; Alentejo region 50cl, Sea Salt <i>&#8220;Fl\u00f4r do Sal&#8221;-It as an unique bouquet that naturally highlights food flavours and naturally enhances aromas.<\/i>, Homemade honey Algarve region, Homemade jam Algarve region,Nuts and A stylish nutcracker.<\/p>\n<p><i>The perfect gift to surprise and delights<\/i><\/p>\n","protected":false},"excerpt":{"rendered":"<p>Presented in a wicker basket, Extra Virgin Olive Oil &#8220;Herdade do Espor\u00e3o&#8221; Alentejo Region 50cl, Red wine vinegar &#8220;Herdade do Espor\u00e3o&#8221; Alentejo region 50cl, Sea Salt <i>&#8220;Fl\u00f4r do Sal&#8221;-It as an unique bouquet that naturally highlights food flavours and naturally enhances aromas.<\/i>, Homemade honey Algarve region, Homemade jam Algarve region,Nuts and A stylish nutcracker.<\/p>\n<p><i>The perfect gift to surprise and delights<\/i><\/p>\n","protected":false},"featured_media":29965,"template":"","meta":[],"product_brand":[],"product_cat":[66,141,123],"product_tag":[],"class_list":{"0":"post-29983","1":"product","2":"type-product","3":"status-publish","4":"has-post-thumbnail","6":"product_cat-christmas","7":"product_cat-christmas-hampers","8":"product_cat-hampers","11":"first","12":"instock","13":"shipping-taxable","14":"purchasable","15":"product-type-simple"},"jetpack_sharing_enabled":true,"_links":{"self":[{"href":"https:\/\/www.tinnas.com\/index.php?rest_route=\/wp\/v2\/product\/29983","targetHints":{"allow":["GET"]}}],"collection":[{"href":"https:\/\/www.tinnas.com\/index.php?rest_route=\/wp\/v2\/product"}],"about":[{"href":"https:\/\/www.tinnas.com\/index.php?rest_route=\/wp\/v2\/types\/product"}],"version-history":[{"count":2,"href":"https:\/\/www.tinnas.com\/index.php?rest_route=\/wp\/v2\/product\/29983\/revisions"}],"predecessor-version":[{"id":29986,"href":"https:\/\/www.tinnas.com\/index.php?rest_route=\/wp\/v2\/product\/29983\/revisions\/29986"}],"wp:featuredmedia":[{"embeddable":true,"href":"https:\/\/www.tinnas.com\/index.php?rest_route=\/wp\/v2\/media\/29965"}],"wp:attachment":[{"href":"https:\/\/www.tinnas.com\/index.php?rest_route=%2Fwp%2Fv2%2Fmedia&parent=29983"}],"wp:term":[{"taxonomy":"product_brand","embeddable":true,"href":"https:\/\/www.tinnas.com\/index.php?rest_route=%2Fwp%2Fv2%2Fproduct_brand&post=29983"},{"taxonomy":"product_cat","embeddable":true,"href":"https:\/\/www.tinnas.com\/index.php?rest_route=%2Fwp%2Fv2%2Fproduct_cat&post=29983"},{"taxonomy":"product_tag","embeddable":true,"href":"https:\/\/www.tinnas.com\/index.php?rest_route=%2Fwp%2Fv2%2Fproduct_tag&post=29983"}],"curies":[{"name":"wp","href":"https:\/\/api.w.org\/{rel}","templated":true}]}}